{"id":1288,"date":"2022-10-10T15:08:22","date_gmt":"2022-10-10T15:08:22","guid":{"rendered":"https:\/\/vivirmasfeliz.cl\/wordpress\/que-hacemos-copy\/"},"modified":"2022-10-10T15:29:00","modified_gmt":"2022-10-10T15:29:00","slug":"blog","status":"publish","type":"page","link":"https:\/\/vivirmasfeliz.cl\/wordpress\/blog\/","title":{"rendered":"Blog"},"content":{"rendered":"\n\t<section class=\"section hide-for-medium\" id=\"section_467555120\">\n\t\t<div class=\"bg section-bg fill bg-fill  \" >\n\n\t\t\t\n\t\t\t<div class=\"section-bg-overlay absolute fill\"><\/div>\n\t\t\t\n\n\t\t<\/div>\n\n\t\t\n\n\t\t<div class=\"section-content relative\">\n\t\t\t\n\n\n\t\t<\/div>\n\n\t\t\n<style>\n#section_467555120 {\n  padding-top: 0px;\n  padding-bottom: 0px;\n  min-height: 300px;\n}\n#section_467555120 .section-bg-overlay {\n  background-color: rgba(0, 0, 0, 0.45);\n}\n#section_467555120 .section-bg.bg-loaded {\n  background-image: url(https:\/\/vivirmasfeliz.cl\/wordpress\/wp-content\/uploads\/2021\/07\/v1.png);\n}\n#section_467555120 .section-bg {\n  background-position: 64% 49%;\n}\n#section_467555120 .ux-shape-divider--top svg {\n  height: 150px;\n  --divider-top-width: 100%;\n}\n#section_467555120 .ux-shape-divider--bottom svg {\n  height: 150px;\n  --divider-width: 100%;\n}\n@media (min-width:550px) {\n  #section_467555120 {\n    min-height: 400px;\n  }\n}\n@media (min-width:850px) {\n  #section_467555120 {\n    min-height: 290px;\n  }\n}\n<\/style>\n\t<\/section>\n\t\n\t<section class=\"section show-for-small\" id=\"section_31704313\">\n\t\t<div class=\"bg section-bg fill bg-fill  \" >\n\n\t\t\t\n\t\t\t<div class=\"section-bg-overlay absolute fill\"><\/div>\n\t\t\t\n\n\t\t<\/div>\n\n\t\t\n\n\t\t<div class=\"section-content relative\">\n\t\t\t\n\n\n\t\t<\/div>\n\n\t\t\n<style>\n#section_31704313 {\n  padding-top: 0px;\n  padding-bottom: 0px;\n  min-height: 300px;\n}\n#section_31704313 .section-bg-overlay {\n  background-color: rgba(0, 0, 0, 0.45);\n}\n#section_31704313 .section-bg.bg-loaded {\n  background-image: url(https:\/\/vivirmasfeliz.cl\/wordpress\/wp-content\/uploads\/2021\/07\/v1.png);\n}\n#section_31704313 .section-bg {\n  background-position: 64% 49%;\n}\n#section_31704313 .ux-shape-divider--top svg {\n  height: 150px;\n  --divider-top-width: 100%;\n}\n#section_31704313 .ux-shape-divider--bottom svg {\n  height: 150px;\n  --divider-width: 100%;\n}\n@media (min-width:550px) {\n  #section_31704313 {\n    min-height: 400px;\n  }\n}\n@media (min-width:850px) {\n  #section_31704313 {\n    min-height: 290px;\n  }\n}\n<\/style>\n\t<\/section>\n\t\n\t<section class=\"section hide-for-medium\" id=\"section_1085126513\">\n\t\t<div class=\"bg section-bg fill bg-fill  bg-loaded\" >\n\n\t\t\t\n\t\t\t\n\t\t\t\n\n\t\t<\/div>\n\n\t\t\n\n\t\t<div class=\"section-content relative\">\n\t\t\t\n\n<div class=\"row align-center\"  id=\"row-1234829060\">\n\n\n\t<div id=\"col-68922180\" class=\"col medium-12 small-3 large-4\"  >\n\t\t\t\t<div class=\"col-inner\"  >\n\t\t\t\n\t\t\t\n\n\n\t\t<\/div>\n\t\t\t\t\n<style>\n#col-68922180 > .col-inner {\n  padding: 6% 6% 6% 6%;\n  margin: -80% 0px 0px 0px;\n}\n<\/style>\n\t<\/div>\n\n\t\n\n\t<div id=\"col-702617210\" class=\"col medium-12 small-12 large-3\"  >\n\t\t\t\t<div class=\"col-inner text-center\" style=\"background-color:rgb(229, 0, 126);\" >\n\t\t\t\n\t<div class=\"is-border\"\n\t\tstyle=\"border-color:rgb(73, 193, 147);border-width:0px 0px 0px 0px;\">\n\t<\/div>\n\t\t\t\n\n<h2><span style=\"color: #ffffff\">Blog<\/span><\/h2>\n\n\n\t\t<\/div>\n\t\t\t\t\n<style>\n#col-702617210 > .col-inner {\n  padding: 15% 10% 5% 10%;\n  margin: 0 0px 0px 0px;\n}\n@media (min-width:550px) {\n  #col-702617210 > .col-inner {\n    padding: 10% 10% 8% 10%;\n  }\n}\n@media (min-width:850px) {\n  #col-702617210 > .col-inner {\n    padding: 6% 7% 3% 3%;\n    margin: -65px 0px 0px 0px;\n  }\n}\n<\/style>\n\t<\/div>\n\n\t\n\n\t<div id=\"col-2134823452\" class=\"col medium-12 small-12 large-4\"  >\n\t\t\t\t<div class=\"col-inner\"  >\n\t\t\t\n\t\t\t\n\n\n\t\t<\/div>\n\t\t\t\t\n<style>\n#col-2134823452 > .col-inner {\n  padding: 6% 6% 6% 6%;\n  margin: -54% 0px 0px 0px;\n}\n@media (min-width:550px) {\n  #col-2134823452 > .col-inner {\n    margin: -80% 0px 0px 0px;\n  }\n}\n<\/style>\n\t<\/div>\n\n\t\n\n<\/div>\n\n\t\t<\/div>\n\n\t\t\n<style>\n#section_1085126513 {\n  padding-top: 16px;\n  padding-bottom: 16px;\n}\n#section_1085126513 .ux-shape-divider--top svg {\n  height: 150px;\n  --divider-top-width: 100%;\n}\n#section_1085126513 .ux-shape-divider--bottom svg {\n  height: 150px;\n  --divider-width: 100%;\n}\n<\/style>\n\t<\/section>\n\t\n\t<section class=\"section show-for-small\" id=\"section_1516310754\">\n\t\t<div class=\"bg section-bg fill bg-fill  bg-loaded\" >\n\n\t\t\t\n\t\t\t\n\t\t\t\n\n\t\t<\/div>\n\n\t\t\n\n\t\t<div class=\"section-content relative\">\n\t\t\t\n\n<div class=\"row align-center\"  id=\"row-766003542\">\n\n\n\t<div id=\"col-45495378\" class=\"col medium-12 small-12 large-11\"  >\n\t\t\t\t<div class=\"col-inner text-center\" style=\"background-color:rgb(229, 0, 126);\" >\n\t\t\t\n\t<div class=\"is-border\"\n\t\tstyle=\"border-color:rgb(73, 193, 147);border-width:0px 0px 0px 0px;\">\n\t<\/div>\n\t\t\t\n\n<h2><span style=\"color: #ffffff\">Blog<\/span><\/h2>\n\n\n\t\t<\/div>\n\t\t\t\t\n<style>\n#col-45495378 > .col-inner {\n  padding: 6% 10% 5% 10%;\n  margin: -50px 0px 0px 0px;\n}\n@media (min-width:550px) {\n  #col-45495378 > .col-inner {\n    padding: 10% 10% 8% 10%;\n    margin: 0 0px 0px 0px;\n  }\n}\n@media (min-width:850px) {\n  #col-45495378 > .col-inner {\n    padding: 6% 7% 3% 3%;\n    margin: -65px 0px 0px 0px;\n  }\n}\n<\/style>\n\t<\/div>\n\n\t\n\n<\/div>\n\n\t\t<\/div>\n\n\t\t\n<style>\n#section_1516310754 {\n  padding-top: 16px;\n  padding-bottom: 16px;\n}\n#section_1516310754 .ux-shape-divider--top svg {\n  height: 150px;\n  --divider-top-width: 100%;\n}\n#section_1516310754 .ux-shape-divider--bottom svg {\n  height: 150px;\n  --divider-width: 100%;\n}\n<\/style>\n\t<\/section>\n\t\n\t<section class=\"section\" id=\"section_786979954\">\n\t\t<div class=\"bg section-bg fill bg-fill  bg-loaded\" >\n\n\t\t\t\n\t\t\t\n\t\t\t\n\n\t\t<\/div>\n\n\t\t\n\n\t\t<div class=\"section-content relative\">\n\t\t\t\n\n\t<div id=\"gap-776542407\" class=\"gap-element clearfix\" style=\"display:block; height:auto;\">\n\t\t\n<style>\n#gap-776542407 {\n  padding-top: 60px;\n}\n<\/style>\n\t<\/div>\n\t\n\n<div class=\"row align-center\"  id=\"row-565124974\">\n\n\n\t<div id=\"col-2009885241\" class=\"col medium-11 small-12 large-11\"  >\n\t\t\t\t<div class=\"col-inner\"  >\n\t\t\t\n\t\t\t\n\n\n  \n    <div class=\"row large-columns-3 medium-columns-1 small-columns-1\">\n  <div class=\"col post-item\" >\n\t\t\t<div class=\"col-inner\">\n\t\t\t<a href=\"https:\/\/vivirmasfeliz.cl\/wordpress\/terapias-vf-capitulo-6-la-risa-es-la-punta-del-iceberg\/\" class=\"plain\">\n\t\t\t\t<div class=\"box box-normal box-text-bottom box-blog-post has-hover\">\n            \t\t\t\t\t<div class=\"box-image\" >\n  \t\t\t\t\t\t<div class=\"image-cover\" style=\"padding-top:56.25%;\">\n  \t\t\t\t\t\t\t<img loading=\"lazy\" decoding=\"async\" width=\"405\" height=\"400\" src=\"https:\/\/vivirmasfeliz.cl\/wordpress\/wp-content\/uploads\/2021\/10\/8-405x400.jpeg\" class=\"attachment-medium size-medium wp-post-image\" alt=\"\" srcset=\"https:\/\/vivirmasfeliz.cl\/wordpress\/wp-content\/uploads\/2021\/10\/8-405x400.jpeg 405w, https:\/\/vivirmasfeliz.cl\/wordpress\/wp-content\/uploads\/2021\/10\/8.jpeg 719w\" sizes=\"auto, (max-width: 405px) 100vw, 405px\" \/>  \t\t\t\t\t\t\t  \t\t\t\t\t\t\t  \t\t\t\t\t\t<\/div>\n  \t\t\t\t\t\t  \t\t\t\t\t<\/div>\n          \t\t\t\t\t<div class=\"box-text text-center\" >\n\t\t\t\t\t<div class=\"box-text-inner blog-post-inner\">\n\n\t\t\t\t\t\n\t\t\t\t\t\t\t\t\t\t<h5 class=\"post-title is-large \">Terapias V+F Cap\u00edtulo 6: La risa es la punta del iceberg<\/h5>\n\t\t\t\t\t\t\t\t\t\t<div class=\"is-divider\"><\/div>\n\t\t\t\t\t\t\t\t\t\t<p class=\"from_the_blog_excerpt \">En nuestro \u00faltimo live de entrevistas la periodista&nbsp;Paula Ch\u00e1vez&nbsp;convers\u00f3 con&nbsp;Sussy Tapia, quien est\u00e1 con nosotros [...]\t\t\t\t\t<\/p>\n\t\t\t\t\t                    \n\t\t\t\t\t\n\t\t\t\t\t\n\t\t\t\t\t<\/div>\n\t\t\t\t\t<\/div>\n\t\t\t\t\t\t\t\t\t<\/div>\n\t\t\t\t<\/a>\n\t\t\t<\/div>\n\t\t<\/div><div class=\"col post-item\" >\n\t\t\t<div class=\"col-inner\">\n\t\t\t<a href=\"https:\/\/vivirmasfeliz.cl\/wordpress\/terapias-vf-capitulo-5-que-nunca-un-nino-se-quede-sin-jugar\/\" class=\"plain\">\n\t\t\t\t<div class=\"box box-normal box-text-bottom box-blog-post has-hover\">\n            \t\t\t\t\t<div class=\"box-image\" >\n  \t\t\t\t\t\t<div class=\"image-cover\" style=\"padding-top:56.25%;\">\n  \t\t\t\t\t\t\t<img loading=\"lazy\" decoding=\"async\" width=\"400\" height=\"400\" src=\"https:\/\/vivirmasfeliz.cl\/wordpress\/wp-content\/uploads\/2021\/10\/7-400x400.jpeg\" class=\"attachment-medium size-medium wp-post-image\" alt=\"\" srcset=\"https:\/\/vivirmasfeliz.cl\/wordpress\/wp-content\/uploads\/2021\/10\/7-400x400.jpeg 400w, https:\/\/vivirmasfeliz.cl\/wordpress\/wp-content\/uploads\/2021\/10\/7-280x280.jpeg 280w, https:\/\/vivirmasfeliz.cl\/wordpress\/wp-content\/uploads\/2021\/10\/7.jpeg 715w\" sizes=\"auto, (max-width: 400px) 100vw, 400px\" \/>  \t\t\t\t\t\t\t  \t\t\t\t\t\t\t  \t\t\t\t\t\t<\/div>\n  \t\t\t\t\t\t  \t\t\t\t\t<\/div>\n          \t\t\t\t\t<div class=\"box-text text-center\" >\n\t\t\t\t\t<div class=\"box-text-inner blog-post-inner\">\n\n\t\t\t\t\t\n\t\t\t\t\t\t\t\t\t\t<h5 class=\"post-title is-large \">Terapias V+F Cap\u00edtulo 5: \u00a1Que nunca un ni\u00f1o se quede sin jugar!<\/h5>\n\t\t\t\t\t\t\t\t\t\t<div class=\"is-divider\"><\/div>\n\t\t\t\t\t\t\t\t\t\t<p class=\"from_the_blog_excerpt \">El cap\u00edtulo 5 de nuestros lives para conocer las Terapias Profesionales Complementarias de la Fundaci\u00f3n [...]\t\t\t\t\t<\/p>\n\t\t\t\t\t                    \n\t\t\t\t\t\n\t\t\t\t\t\n\t\t\t\t\t<\/div>\n\t\t\t\t\t<\/div>\n\t\t\t\t\t\t\t\t\t<\/div>\n\t\t\t\t<\/a>\n\t\t\t<\/div>\n\t\t<\/div><div class=\"col post-item\" >\n\t\t\t<div class=\"col-inner\">\n\t\t\t<a href=\"https:\/\/vivirmasfeliz.cl\/wordpress\/terapias-vf-capitulo-4-conile-amigos-y-socios-en-la-araucania\/\" class=\"plain\">\n\t\t\t\t<div class=\"box box-normal box-text-bottom box-blog-post has-hover\">\n            \t\t\t\t\t<div class=\"box-image\" >\n  \t\t\t\t\t\t<div class=\"image-cover\" style=\"padding-top:56.25%;\">\n  \t\t\t\t\t\t\t<img loading=\"lazy\" decoding=\"async\" width=\"398\" height=\"400\" src=\"https:\/\/vivirmasfeliz.cl\/wordpress\/wp-content\/uploads\/2021\/09\/6-398x400.jpeg\" class=\"attachment-medium size-medium wp-post-image\" alt=\"\" srcset=\"https:\/\/vivirmasfeliz.cl\/wordpress\/wp-content\/uploads\/2021\/09\/6-398x400.jpeg 398w, https:\/\/vivirmasfeliz.cl\/wordpress\/wp-content\/uploads\/2021\/09\/6-280x280.jpeg 280w, https:\/\/vivirmasfeliz.cl\/wordpress\/wp-content\/uploads\/2021\/09\/6.jpeg 715w\" sizes=\"auto, (max-width: 398px) 100vw, 398px\" \/>  \t\t\t\t\t\t\t  \t\t\t\t\t\t\t  \t\t\t\t\t\t<\/div>\n  \t\t\t\t\t\t  \t\t\t\t\t<\/div>\n          \t\t\t\t\t<div class=\"box-text text-center\" >\n\t\t\t\t\t<div class=\"box-text-inner blog-post-inner\">\n\n\t\t\t\t\t\n\t\t\t\t\t\t\t\t\t\t<h5 class=\"post-title is-large \">Terapias V+F Cap\u00edtulo 4: Conile, amigos y socios en la Araucan\u00eda<\/h5>\n\t\t\t\t\t\t\t\t\t\t<div class=\"is-divider\"><\/div>\n\t\t\t\t\t\t\t\t\t\t<p class=\"from_the_blog_excerpt \">En el cuarto cap\u00edtulo de nuestros lives para conocer las Terapias Complementarias Profesionales de la&nbsp;Fundaci\u00f3n [...]\t\t\t\t\t<\/p>\n\t\t\t\t\t                    \n\t\t\t\t\t\n\t\t\t\t\t\n\t\t\t\t\t<\/div>\n\t\t\t\t\t<\/div>\n\t\t\t\t\t\t\t\t\t<\/div>\n\t\t\t\t<\/a>\n\t\t\t<\/div>\n\t\t<\/div><div class=\"col post-item\" >\n\t\t\t<div class=\"col-inner\">\n\t\t\t<a href=\"https:\/\/vivirmasfeliz.cl\/wordpress\/terapias-vf-capitulo-3-la-magia-de-la-musicoterapia\/\" class=\"plain\">\n\t\t\t\t<div class=\"box box-normal box-text-bottom box-blog-post has-hover\">\n            \t\t\t\t\t<div class=\"box-image\" >\n  \t\t\t\t\t\t<div class=\"image-cover\" style=\"padding-top:56.25%;\">\n  \t\t\t\t\t\t\t<img loading=\"lazy\" decoding=\"async\" width=\"399\" height=\"400\" src=\"https:\/\/vivirmasfeliz.cl\/wordpress\/wp-content\/uploads\/2021\/10\/5-399x400.jpeg\" class=\"attachment-medium size-medium wp-post-image\" alt=\"\" srcset=\"https:\/\/vivirmasfeliz.cl\/wordpress\/wp-content\/uploads\/2021\/10\/5-399x400.jpeg 399w, https:\/\/vivirmasfeliz.cl\/wordpress\/wp-content\/uploads\/2021\/10\/5-798x800.jpeg 798w, https:\/\/vivirmasfeliz.cl\/wordpress\/wp-content\/uploads\/2021\/10\/5-280x280.jpeg 280w, https:\/\/vivirmasfeliz.cl\/wordpress\/wp-content\/uploads\/2021\/10\/5-768x770.jpeg 768w, https:\/\/vivirmasfeliz.cl\/wordpress\/wp-content\/uploads\/2021\/10\/5.jpeg 892w\" sizes=\"auto, (max-width: 399px) 100vw, 399px\" \/>  \t\t\t\t\t\t\t  \t\t\t\t\t\t\t  \t\t\t\t\t\t<\/div>\n  \t\t\t\t\t\t  \t\t\t\t\t<\/div>\n          \t\t\t\t\t<div class=\"box-text text-center\" >\n\t\t\t\t\t<div class=\"box-text-inner blog-post-inner\">\n\n\t\t\t\t\t\n\t\t\t\t\t\t\t\t\t\t<h5 class=\"post-title is-large \">Terapias V+F Cap\u00edtulo 3: La magia de la musicoterapia<\/h5>\n\t\t\t\t\t\t\t\t\t\t<div class=\"is-divider\"><\/div>\n\t\t\t\t\t\t\t\t\t\t<p class=\"from_the_blog_excerpt \">El lunes 30 de agosto tuvimos en nuestro live de la Fundaci\u00f3n Vivir m\u00e1s Feliz [...]\t\t\t\t\t<\/p>\n\t\t\t\t\t                    \n\t\t\t\t\t\n\t\t\t\t\t\n\t\t\t\t\t<\/div>\n\t\t\t\t\t<\/div>\n\t\t\t\t\t\t\t\t\t<\/div>\n\t\t\t\t<\/a>\n\t\t\t<\/div>\n\t\t<\/div><div class=\"col post-item\" >\n\t\t\t<div class=\"col-inner\">\n\t\t\t<a href=\"https:\/\/vivirmasfeliz.cl\/wordpress\/terapias-vf-capitulo-2-pintasonrisas-desde-temuco\/\" class=\"plain\">\n\t\t\t\t<div class=\"box box-normal box-text-bottom box-blog-post has-hover\">\n            \t\t\t\t\t<div class=\"box-image\" >\n  \t\t\t\t\t\t<div class=\"image-cover\" style=\"padding-top:56.25%;\">\n  \t\t\t\t\t\t\t<img loading=\"lazy\" decoding=\"async\" width=\"400\" height=\"400\" src=\"https:\/\/vivirmasfeliz.cl\/wordpress\/wp-content\/uploads\/2021\/09\/4-400x400.jpeg\" class=\"attachment-medium size-medium wp-post-image\" alt=\"\" srcset=\"https:\/\/vivirmasfeliz.cl\/wordpress\/wp-content\/uploads\/2021\/09\/4-400x400.jpeg 400w, https:\/\/vivirmasfeliz.cl\/wordpress\/wp-content\/uploads\/2021\/09\/4-280x280.jpeg 280w, https:\/\/vivirmasfeliz.cl\/wordpress\/wp-content\/uploads\/2021\/09\/4-768x768.jpeg 768w, https:\/\/vivirmasfeliz.cl\/wordpress\/wp-content\/uploads\/2021\/09\/4.jpeg 788w\" sizes=\"auto, (max-width: 400px) 100vw, 400px\" \/>  \t\t\t\t\t\t\t  \t\t\t\t\t\t\t  \t\t\t\t\t\t<\/div>\n  \t\t\t\t\t\t  \t\t\t\t\t<\/div>\n          \t\t\t\t\t<div class=\"box-text text-center\" >\n\t\t\t\t\t<div class=\"box-text-inner blog-post-inner\">\n\n\t\t\t\t\t\n\t\t\t\t\t\t\t\t\t\t<h5 class=\"post-title is-large \">Terapias V+F Cap\u00edtulo 2 : PintaSonrisas desde Temuco<\/h5>\n\t\t\t\t\t\t\t\t\t\t<div class=\"is-divider\"><\/div>\n\t\t\t\t\t\t\t\t\t\t<p class=\"from_the_blog_excerpt \">El martes 24 de agosto tuvimos en nuestro live de la Fundaci\u00f3n Vivir m\u00e1s Feliz [...]\t\t\t\t\t<\/p>\n\t\t\t\t\t                    \n\t\t\t\t\t\n\t\t\t\t\t\n\t\t\t\t\t<\/div>\n\t\t\t\t\t<\/div>\n\t\t\t\t\t\t\t\t\t<\/div>\n\t\t\t\t<\/a>\n\t\t\t<\/div>\n\t\t<\/div><div class=\"col post-item\" >\n\t\t\t<div class=\"col-inner\">\n\t\t\t<a href=\"https:\/\/vivirmasfeliz.cl\/wordpress\/comenzamos-con-un-nuevo-ciclo-de-lives-terapias-vf-capitulo-1\/\" class=\"plain\">\n\t\t\t\t<div class=\"box box-normal box-text-bottom box-blog-post has-hover\">\n            \t\t\t\t\t<div class=\"box-image\" >\n  \t\t\t\t\t\t<div class=\"image-cover\" style=\"padding-top:56.25%;\">\n  \t\t\t\t\t\t\t<img loading=\"lazy\" decoding=\"async\" width=\"400\" height=\"400\" src=\"https:\/\/vivirmasfeliz.cl\/wordpress\/wp-content\/uploads\/2021\/08\/3-400x400.jpeg\" class=\"attachment-medium size-medium wp-post-image\" alt=\"\" srcset=\"https:\/\/vivirmasfeliz.cl\/wordpress\/wp-content\/uploads\/2021\/08\/3-400x400.jpeg 400w, https:\/\/vivirmasfeliz.cl\/wordpress\/wp-content\/uploads\/2021\/08\/3-800x800.jpeg 800w, https:\/\/vivirmasfeliz.cl\/wordpress\/wp-content\/uploads\/2021\/08\/3-280x280.jpeg 280w, https:\/\/vivirmasfeliz.cl\/wordpress\/wp-content\/uploads\/2021\/08\/3-768x768.jpeg 768w, https:\/\/vivirmasfeliz.cl\/wordpress\/wp-content\/uploads\/2021\/08\/3.jpeg 1280w\" sizes=\"auto, (max-width: 400px) 100vw, 400px\" \/>  \t\t\t\t\t\t\t  \t\t\t\t\t\t\t  \t\t\t\t\t\t<\/div>\n  \t\t\t\t\t\t  \t\t\t\t\t<\/div>\n          \t\t\t\t\t<div class=\"box-text text-center\" >\n\t\t\t\t\t<div class=\"box-text-inner blog-post-inner\">\n\n\t\t\t\t\t\n\t\t\t\t\t\t\t\t\t\t<h5 class=\"post-title is-large \">\u00a1Comenzamos con un nuevo ciclo de Lives! Terapias V+F: Cap\u00edtulo 1<\/h5>\n\t\t\t\t\t\t\t\t\t\t<div class=\"is-divider\"><\/div>\n\t\t\t\t\t\t\t\t\t\t<p class=\"from_the_blog_excerpt \">El martes 17 de agosto comenzamos en nuestro Instagram&nbsp;@vivirmasfelizcl&nbsp;un nuevo ciclo del Live de la [...]\t\t\t\t\t<\/p>\n\t\t\t\t\t                    \n\t\t\t\t\t\n\t\t\t\t\t\n\t\t\t\t\t<\/div>\n\t\t\t\t\t<\/div>\n\t\t\t\t\t\t\t\t\t<\/div>\n\t\t\t\t<\/a>\n\t\t\t<\/div>\n\t\t<\/div><div class=\"col post-item\" >\n\t\t\t<div class=\"col-inner\">\n\t\t\t<a href=\"https:\/\/vivirmasfeliz.cl\/wordpress\/quieres-un-saludo-de-tu-artista-favorit\/\" class=\"plain\">\n\t\t\t\t<div class=\"box box-normal box-text-bottom box-blog-post has-hover\">\n            \t\t\t\t\t<div class=\"box-image\" >\n  \t\t\t\t\t\t<div class=\"image-cover\" style=\"padding-top:56.25%;\">\n  \t\t\t\t\t\t\t<img loading=\"lazy\" decoding=\"async\" width=\"400\" height=\"400\" src=\"https:\/\/vivirmasfeliz.cl\/wordpress\/wp-content\/uploads\/2021\/08\/2-400x400.jpeg\" class=\"attachment-medium size-medium wp-post-image\" alt=\"\" srcset=\"https:\/\/vivirmasfeliz.cl\/wordpress\/wp-content\/uploads\/2021\/08\/2-400x400.jpeg 400w, https:\/\/vivirmasfeliz.cl\/wordpress\/wp-content\/uploads\/2021\/08\/2-800x800.jpeg 800w, https:\/\/vivirmasfeliz.cl\/wordpress\/wp-content\/uploads\/2021\/08\/2-280x280.jpeg 280w, https:\/\/vivirmasfeliz.cl\/wordpress\/wp-content\/uploads\/2021\/08\/2-768x768.jpeg 768w, https:\/\/vivirmasfeliz.cl\/wordpress\/wp-content\/uploads\/2021\/08\/2-1536x1536.jpeg 1536w, https:\/\/vivirmasfeliz.cl\/wordpress\/wp-content\/uploads\/2021\/08\/2-2048x2048.jpeg 2048w\" sizes=\"auto, (max-width: 400px) 100vw, 400px\" \/>  \t\t\t\t\t\t\t  \t\t\t\t\t\t\t  \t\t\t\t\t\t<\/div>\n  \t\t\t\t\t\t  \t\t\t\t\t<\/div>\n          \t\t\t\t\t<div class=\"box-text text-center\" >\n\t\t\t\t\t<div class=\"box-text-inner blog-post-inner\">\n\n\t\t\t\t\t\n\t\t\t\t\t\t\t\t\t\t<h5 class=\"post-title is-large \">\u00bfQuieres un saludo de tu artista favorit@?<\/h5>\n\t\t\t\t\t\t\t\t\t\t<div class=\"is-divider\"><\/div>\n\t\t\t\t\t\t\t\t\t\t<p class=\"from_the_blog_excerpt \">\u00a1Somos parte de Salu2! y estamos felices por eso. En la p\u00e1gina&nbsp;Salu2.com&nbsp;puedes encontrar a tus [...]\t\t\t\t\t<\/p>\n\t\t\t\t\t                    \n\t\t\t\t\t\n\t\t\t\t\t\n\t\t\t\t\t<\/div>\n\t\t\t\t\t<\/div>\n\t\t\t\t\t\t\t\t\t<\/div>\n\t\t\t\t<\/a>\n\t\t\t<\/div>\n\t\t<\/div><div class=\"col post-item\" >\n\t\t\t<div class=\"col-inner\">\n\t\t\t<a href=\"https:\/\/vivirmasfeliz.cl\/wordpress\/nuevos-aportes-para-los-ninos-con-cancer-nos-ganamos-el-proyecto-ffoip-2021\/\" class=\"plain\">\n\t\t\t\t<div class=\"box box-normal box-text-bottom box-blog-post has-hover\">\n            \t\t\t\t\t<div class=\"box-image\" >\n  \t\t\t\t\t\t<div class=\"image-cover\" style=\"padding-top:56.25%;\">\n  \t\t\t\t\t\t\t<img loading=\"lazy\" decoding=\"async\" width=\"600\" height=\"400\" src=\"https:\/\/vivirmasfeliz.cl\/wordpress\/wp-content\/uploads\/2021\/08\/last-600x400.jpeg\" class=\"attachment-medium size-medium wp-post-image\" alt=\"\" srcset=\"https:\/\/vivirmasfeliz.cl\/wordpress\/wp-content\/uploads\/2021\/08\/last-600x400.jpeg 600w, https:\/\/vivirmasfeliz.cl\/wordpress\/wp-content\/uploads\/2021\/08\/last-1200x800.jpeg 1200w, https:\/\/vivirmasfeliz.cl\/wordpress\/wp-content\/uploads\/2021\/08\/last-768x512.jpeg 768w, https:\/\/vivirmasfeliz.cl\/wordpress\/wp-content\/uploads\/2021\/08\/last-1536x1024.jpeg 1536w, https:\/\/vivirmasfeliz.cl\/wordpress\/wp-content\/uploads\/2021\/08\/last.jpeg 1773w\" sizes=\"auto, (max-width: 600px) 100vw, 600px\" \/>  \t\t\t\t\t\t\t  \t\t\t\t\t\t\t  \t\t\t\t\t\t<\/div>\n  \t\t\t\t\t\t  \t\t\t\t\t<\/div>\n          \t\t\t\t\t<div class=\"box-text text-center\" >\n\t\t\t\t\t<div class=\"box-text-inner blog-post-inner\">\n\n\t\t\t\t\t\n\t\t\t\t\t\t\t\t\t\t<h5 class=\"post-title is-large \">\u00a1Nuevos aportes para los ni\u00f1os con c\u00e1ncer! Nos ganamos el proyecto FFOIP 2021\u00a0\u00a0<\/h5>\n\t\t\t\t\t\t\t\t\t\t<div class=\"is-divider\"><\/div>\n\t\t\t\t\t\t\t\t\t\t<p class=\"from_the_blog_excerpt \">Estamos s\u00faper felices de anunciar que la Fundaci\u00f3n Vivir m\u00e1s Feliz se adjudic\u00f3 el Fondo [...]\t\t\t\t\t<\/p>\n\t\t\t\t\t                    \n\t\t\t\t\t\n\t\t\t\t\t\n\t\t\t\t\t<\/div>\n\t\t\t\t\t<\/div>\n\t\t\t\t\t\t\t\t\t<\/div>\n\t\t\t\t<\/a>\n\t\t\t<\/div>\n\t\t<\/div><\/div>\n\n\n\t\t<\/div>\n\t\t\t\t\t<\/div>\n\n\t\n\n<\/div>\n\n\t\t<\/div>\n\n\t\t\n<style>\n#section_786979954 {\n  padding-top: 1px;\n  padding-bottom: 1px;\n}\n#section_786979954 .ux-shape-divider--top svg {\n  height: 150px;\n  --divider-top-width: 100%;\n}\n#section_786979954 .ux-shape-divider--bottom svg {\n  height: 150px;\n  --divider-width: 100%;\n}\n<\/style>\n\t<\/section>\n\t\n","protected":false},"excerpt":{"rendered":"","protected":false},"author":1,"featured_media":0,"parent":0,"menu_order":0,"comment_status":"closed","ping_status":"closed","template":"page-blank.php","meta":{"_themeisle_gutenberg_block_has_review":false,"footnotes":""},"class_list":["post-1288","page","type-page","status-publish","hentry"],"acf":[],"_links":{"self":[{"href":"https:\/\/vivirmasfeliz.cl\/wordpress\/wp-json\/wp\/v2\/pages\/1288","targetHints":{"allow":["GET"]}}],"collection":[{"href":"https:\/\/vivirmasfeliz.cl\/wordpress\/wp-json\/wp\/v2\/pages"}],"about":[{"href":"https:\/\/vivirmasfeliz.cl\/wordpress\/wp-json\/wp\/v2\/types\/page"}],"author":[{"embeddable":true,"href":"https:\/\/vivirmasfeliz.cl\/wordpress\/wp-json\/wp\/v2\/users\/1"}],"replies":[{"embeddable":true,"href":"https:\/\/vivirmasfeliz.cl\/wordpress\/wp-json\/wp\/v2\/comments?post=1288"}],"version-history":[{"count":5,"href":"https:\/\/vivirmasfeliz.cl\/wordpress\/wp-json\/wp\/v2\/pages\/1288\/revisions"}],"predecessor-version":[{"id":1293,"href":"https:\/\/vivirmasfeliz.cl\/wordpress\/wp-json\/wp\/v2\/pages\/1288\/revisions\/1293"}],"wp:attachment":[{"href":"https:\/\/vivirmasfeliz.cl\/wordpress\/wp-json\/wp\/v2\/media?parent=1288"}],"curies":[{"name":"wp","href":"https:\/\/api.w.org\/{rel}","templated":true}]}}